= -6 - 7*m + 1 - 2*m**2 + 0. Let r be a(-4). Let x be v(r). Determine p(x).
6
Let d(j) = j + 2. Let i be (-24)/(-3) - (-3 - -3). Let y = i - 8. What is d(y)?
2
Let y(f) = -2*f**2 + 6*f - 5. Let s be y(4). Let w = 11 + s. Let u(i) = -2*i - 3. What is u(w)?
1
Let y(b) = -4*b - 1. Suppose 3*h - 5 = -4*v, -v - 4*h + 8*h - 13 = 0. What is y(v)?
3
Let q(t) = 17*t - 6. Let i(z) = -18*z + 7. Let c(b) = 5*i(b) + 6*q(b). Let h(v) = 11*v - 1. Let s(f) = -3*c(f) + 4*h(f). What is s(1)?
7
Suppose 0 = 2*h - h - 4*m + 27, -5*m + 60 = -5*h. Let r(x) be the second derivative of -x**5/20 - 2*x**4/3 - 4*x**3/3 - 7*x**2/2 + 2*x. Determine r(h).
0
Let y(n) be the second derivative of -7*n**5/10 - n**4/6 - n**3/6 + 4*n. Calculate y(-1).
13
Suppose 4*n + 15 = 3. Let l(c) be the second derivative of -c**6/720 + c**5/40 - c**4/12 + 2*c. Let j(k) be the third derivative of l(k). Give j(n).
6
Let x(z) = z - 1. Let r(v) = v**2 - 6*v + 10. Let i be r(4). Calculate x(i).
1
Suppose 0 = r - 4*r. Suppose r = -5*n + 4*b + 10, -4*n - 10 = 3*b - 49. Let d(s) = s**3 - 6*s**2 - 8. Determine d(n).
-8
Suppose 5*r + u = 27, -4*r + 3 = -5*u - 7. Let m be (r/(-15))/((-2)/36). Let t(b) = -b**3 + 6*b**2 - 2. What is t(m)?
-2
Let u(r) = r + 3. Let i be u(7). Let x be i*(-3)/(-6) - -1. Let y(z) = -z. What is y(x)?
-6
Let p(h) = -h**2 + h + 1. Let j(q) = q**3 - 7*q**2 + 7*q + 11. Let u(z) = -j(z) + 6*p(z). Determine u(0).
-5
Let j = -62 - -63. Let b(q) = 5*q**2 - 6*q - 5. Let n(s) = -5*s**2 + 7*s + 6. Let r(o) = 7*b(o) + 6*n(o). Determine r(j).
6
Let s(x) = x**2 - 6*x + 3. Let o = -8 - -10. Let i be ((-18)/(-2) - -1)/o. Suppose -2*d + 24 = 3*f, -d = -i*d - 3*f + 36. Give s(d).
3
Let r = 22 - 12. Let x = -6 + r. Let f(z) = 4 - 1 + x*z - 4. Calculate f(-1).
-5
Let q = 83 + -77. Let d(o) = o**2 - 5*o - 4. Determine d(q).
2
Suppose -8 = -5*n - 3*l, -2 = -5*n + 3*l - 0. Let j(w) = -2*w**2 - 3*w - 1. Let d(s) = 2*s**2 + 4*s + 1. Let g(k) = 4*d(k) + 5*j(k). Calculate g(n).
-2
Let j(q) = q**3 + 3*q**2 - 3*q + 4. Let b(i) = 2*i - 24. Let y be b(10). What is j(y)?
0
Let a(z) be the third derivative of z**6/120 + z**5/30 - z**4/24 - z**3/3 + 6*z**2. Let d = -2 - -3. Suppose -2 - d = i. Determine a(i).
-8
Let p(d) = d**2 + d - 4. Let w(u) = -u**3 - 6*u**2 - 7*u - 2. Let q be w(-5). Suppose -a + 0 - q = j, -5*j - 32 = 3*a. Let m be 0*2/j*1. Give p(m).
-4
Let m(j) = -4*j**2 - 9*j - 6. Let h(b) = b**2 + b. Let v(q) = -5*h(q) - m(q). Give v(6).
-6
Let i(j) = -j - 5 - 2*j - j + 3*j. Determine i(-9).
4
Suppose -3*k = -r - 1, -8*r + 6*r = k - 5. Let q(b) = -r*b + 6*b - 8*b + 5*b. Give q(1).
1
Let n = 18 - 37. Let o be n/4 + 9/(-36). Let g(s) = s. Determine g(o).
-5
Let k(c) = -c**2 - 2*c + 1. Let y = -10 + 12. Suppose 0 = y*w - 6*w - 16. What is k(w)?
-7
Let k be 3*(-6)/4*-2. Suppose k*u = 14*u. Let c(g) = g + 4. Give c(u).
4
Let i = 4 - 2. Let w(h) = 9*h + 4 - 3*h - h**3 - 10*h**2 + 5*h**i. Determine w(-6).
4
Let y(t) = -2*t + 5 - 1 + 6*t**2 - 5*t**2 + 7*t. What is y(-3)?
-2
Let k(c) = -1 + 809*c - c**2 - 809*c. Suppose 0*b = b. Determine k(b).
-1
Let r(s) be the second derivative of 0*s**4 + 0 + 1/20*s**5 + 3*s - 1/60*s**6 + s**2 - 1/3*s**3. Let z(j) be the first derivative of r(j). What is z(2)?
-6
Let u(c) = 2*c - 1. Let a(i) = -i**3 - 5*i**2 + 5*i - 3. Let x be -6 - 0*3/(-6). Let f be a(x). Give u(f).
5
Let x(r) = 13*r - 5. Let d(f) = 3*f - 1. Let b(h) = -9*d(h) + 2*x(h). Let s(t) = -t**3 + 2*t**2 + 2*t. Let w = -4 - -7. Let z be s(w). Calculate b(z).
2
Let d = 5 - 2. Suppose -4*h - l + 4 = 3*l, -l = d*h + 5. Let n(w) = w - 2. Determine n(h).
-5
Let m = 12 + -16. Let o(s) = 4*s**2 - 3 + 0*s - 3*s**2 + 4*s. Calculate o(m).
-3
Let i be 4/(-6)*(-3)/(-2). Let g be 4/(1 + 2 + i). Suppose m = -g*m + 3. Let a(j) = 3*j + 1. What is a(m)?
4
Let b(q) = q - 7. Suppose 3*h - 10 = h. What is b(h)?
-2
Let w(u) = -u**2 + 14*u - 12. Suppose 0 = 8*h - 12 - 92. What is w(h)?
1
Let x(q) be the third derivative of q**6/120 + q**5/12 - 7*q**4/24 - q**3 - 14*q**2. Give x(-6).
0
Let k = -7 - -12. Suppose k*m = -4*l - 23, m - 3 = -0*l + 3*l. Let o(b) = b + 2. Let j(x) = x + 3. Let t(h) = 3*j(h) - 4*o(h). Determine t(m).
4
Let j(t) = -t + 3. Let m be (-1)/3 + 64/12. Suppose -3*g + 7 + m = 0. Let f be j(g). Let p(k) = k**2 - 2*k - 1. What is p(f)?
2
Suppose 2*c - 6*c = 0, -5*s + 4*c - 5 = 0. Let v(l) = 0*l - l + l**2 - 1 - 6*l**2 - 2*l**2. Calculate v(s).
-7
Let y be (-26)/(-10) + (-9)/15. Let g(r) = -y + 2*r + 2 - 6*r. Give g(-2).
8
Let p = 9 + -4. Let s = p - 4. Let g(t) = t**2 + 0*t**2 - 3 + s + 3*t. Determine g(-3).
-2
Let j(m) = m**3 - 5*m**2 + 2*m + 1. Let q = 30 - 18. Suppose g = 4*g - q. What is j(g)?
-7
Let p(f) = f + 1. Suppose 2 = -4*d - 5*g + 27, d - 20 = -4*g. Suppose -3*o = o + 12. Let i = d - o. Calculate p(i).
4
Let y be 10/45 + 25/9. Let o(u) = 5*u + 4 - 4*u - u**2 - 12 - u**y. Calculate o(0).
-8
Let s(i) = -i**3 + 4*i**2 - i - 2. Let m(u) = u**3 + 8*u**2 + 2*u + 7. Let l be m(-8). Let k(f) = -f - 5. Let h be k(l). Give s(h).
-6
Suppose n + 14 = 2*k, 5*k - 4*n = -n + 36. Let s(r) = k*r - 4*r + 0*r. Let f = 2 - -2. Give s(f).
8
Let z(p) = -3*p**2 + 5*p + 11. Let g(j) = 4*j**2 - 5*j - 12. Let l(y) = 4*g(y) + 5*z(y). Calculate l(-5).
7
Suppose 2*h = l + 11, 3*l + 2*h = h - 19. Let y(j) = j**2 + 5*j - 8. Give y(l).
6
Let q(y) = -5*y - 5. Let c(b) = -6*b - 5. Let k be 1/(-2)*-4 + -7. Let f(a) = -a**3 - 4*a**2 + 4*a + 2. Let j be f(k). Let r(h) = j*q(h) - 6*c(h). What is r(0)?
-5
Let d(a) = 2*a**2 + 2*a + 7. Let h(r) = -r + r**2 + 2*r**2 - 4 - 4*r**2. Let j(g) = -3*d(g) - 5*h(g). Suppose -5*b - 5 = 2*w, 5*b + 3 = 2*b - w. Give j(b).
-1
Let r(c) = c**3 - 6*c**2 + 6*c - 4. Let q(p) = -p + 18. Let f be q(14). Let w = f + 0. What is r(w)?
-12
Let c(g) be the second derivative of g**5/20 - 5*g**4/12 - g**3/3 + 5*g**2/2 - 28*g. Give c(4).
-19
Suppose -2*x - 3*z = -6, 4*x = -z - 2 + 14. Suppose 4*a - 17 - x = 0. Let m(s) = -s**2 + 3*s + 4. What is m(a)?
-6
Let p(l) = l - 4. Let z = -1 + 1. Let m(f) = z*f + 11 + 2 - 4*f + 0*f. Let h(c) = -2*m(c) - 7*p(c). What is h(-5)?
-3
Let z(d) be the first derivative of d**2/2 + 3*d + 1. Let t be z(-3). Let m(i) = -i - 1. What is m(t)?
-1
Let h(v) = v**3 + 2*v**2 + 1. Suppose 2*w - 72 = 6*w. Let p be 32/w + (-2)/9. Calculate h(p).
1
Let g(m) be the second derivative of 2*m**3/3 + 2*m. Suppose 16 = y + 17. What is g(y)?
-4
Let d(z) = -z**2 - 2*z + 1. Let c be 2/3*(-10 - -4). What is d(c)?
-7
Let t be (12/8)/(2/4). Let b(w) be the second derivative of -w + 0 - 2*w**2 + 1/20*w**5 - 1/2*w**3 - 1/6*w**4. Calculate b(t).
-4
Let m(j) = 10*j - 12*j + 21 - 6*j**2 - 9*j**2. Let d(g) = 7*g**2 + g - 10. Suppose -4*q - q - 30 = 0. Let b(x) = q*m(x) - 13*d(x). What is b(-4)?
-8
Let f(c) be the first derivative of -c**5/60 + 5*c**4/24 + c**3/2 - 2*c**2 - 4. Let n(x) be the second derivative of f(x). Give n(5).
3
Let r(z) = 2*z + 0*z + 0*z + 1 - 4*z**2. Let j(y) = -9*y**2 + 3*y + 2. Let l(q) = -3*j(q) + 5*r(q). Let t = 4 + -3. Calculate l(t).
7
Let y(o) be the first derivative of 1/2*o**2 - 7*o - 4. What is y(6)?
-1
Let t(n) = n - 2 + 6 + 7. Determine t(-6).
5
Let u = 0 + -1. Let w = 43 + -30. Let d(k) = 28 + 2*k - 14 - w. Give d(u).
-1
Let b be -2 - (-2*1 - -3). Let k(u) be the first derivative of u**4/24 - u**3/6 - u**2/2 - 4. Let r(m) be the second derivative of k(m). Determine r(b).
-4
Let d(q) = -1 - 2 + 4. Let w(n) = -8*n + 3. Let u(h) = -4*d(h) + w(h). Let s(f) = 2*f**2 + f. Let i be s(-1). Calculate u(i).
-9
Let q(u) = 13*u**2 + 15*u - 2. Let c(y) = -7*y**2 - 8*y + 1. Let j(z) = -11*c(z) - 6*q(z). Determine j(4).
-23
Let q(z) = -7*z**2 + 15*z + 19. Let s(l) = -3*l**2 + 8*l + 9. Let p(n) = 2*q(n) - 5*s(n). Determine p(10).
-7
Let p(c) be the second derivative of -c**4/12 - c**3/6 - 16*c + 3. Let z be (-12)/7 + (-4)/14. Let h be z/(-6) - 2/6. Give p(h).
0
Let h(w) = -6 + w + 4 - 11. What is h(11)?
-2
Let v(k) be the second derivative of k**5/20 - 7*k**4/12 + k**3 + k**2/2 - 2*k. What is v(6)?
1
Let h(l) be the third derivative of l**6/120 - 7*l**5/60 + 5*l**4/24 + 7*l**3/6 - 7*l**2. Give h(6).
1
Suppose -3 = 2*w - 11. Suppose -w*q + 2 = -5*o + 7, 0 = 3*o - 3*q - 6. Let s be 3 - 1/(o - -2). Let x(t) = -t**3 + 4*t**2 - 2*t + 4. Determine x(s).
-4
Suppose -13*f - 10 = -11*f. Let t(q) = -q - 6. Gi